{"id":428,"date":"2022-06-11T18:14:23","date_gmt":"2022-06-11T16:14:23","guid":{"rendered":"https:\/\/www.bio-oberems.de\/?page_id=428"},"modified":"2024-05-07T16:11:36","modified_gmt":"2024-05-07T14:11:36","slug":"wir-sind-bio","status":"publish","type":"page","link":"https:\/\/www.bio-oberems.de\/index.php\/wir-sind-bio\/","title":{"rendered":"Wir sind BIO"},"content":{"rendered":"\t\t<div data-elementor-type=\"wp-page\" data-elementor-id=\"428\" class=\"elementor elementor-428\">\n\t\t\t\t\t\t\t\t\t<section class=\"elementor-section elementor-top-section elementor-element elementor-element-b15e867 elementor-section-boxed elementor-section-height-default elementor-section-height-default\" data-id=\"b15e867\" data-element_type=\"section\">\n\t\t\t\t\t\t<div class=\"elementor-container elementor-column-gap-default\">\n\t\t\t\t\t<div class=\"elementor-column elementor-col-100 elementor-top-column elementor-element elementor-element-20203b6\" data-id=\"20203b6\" data-element_type=\"column\">\n\t\t\t<div class=\"elementor-widget-wrap elementor-element-populated\">\n\t\t\t\t\t\t\t\t<div class=\"elementor-element elementor-element-b42ba72 elementor-widget elementor-widget-heading\" data-id=\"b42ba72\" data-element_type=\"widget\" data-widget_type=\"heading.default\">\n\t\t\t\t<div class=\"elementor-widget-container\">\n\t\t\t<style>\/*! elementor - v3.11.5 - 14-03-2023 *\/\n.elementor-heading-title{padding:0;margin:0;line-height:1}.elementor-widget-heading .elementor-heading-title[class*=elementor-size-]>a{color:inherit;font-size:inherit;line-height:inherit}.elementor-widget-heading .elementor-heading-title.elementor-size-small{font-size:15px}.elementor-widget-heading .elementor-heading-title.elementor-size-medium{font-size:19px}.elementor-widget-heading .elementor-heading-title.elementor-size-large{font-size:29px}.elementor-widget-heading .elementor-heading-title.elementor-size-xl{font-size:39px}.elementor-widget-heading .elementor-heading-title.elementor-size-xxl{font-size:59px}<\/style><h1 class=\"elementor-heading-title elementor-size-default\">Wir sind B.I.O. - die B\u00fcrgerinitiative Oberems e.V.<\/h1>\t\t<\/div>\n\t\t\t\t<\/div>\n\t\t\t\t\t<\/div>\n\t\t<\/div>\n\t\t\t\t\t\t\t<\/div>\n\t\t<\/section>\n\t\t\t\t<section class=\"elementor-section elementor-top-section elementor-element elementor-element-45e1b05 elementor-section-boxed elementor-section-height-default elementor-section-height-default\" data-id=\"45e1b05\" data-element_type=\"section\">\n\t\t\t\t\t\t<div class=\"elementor-container elementor-column-gap-default\">\n\t\t\t\t\t<div class=\"elementor-column elementor-col-100 elementor-top-column elementor-element elementor-element-0e8bcd5\" data-id=\"0e8bcd5\" data-element_type=\"column\">\n\t\t\t<div class=\"elementor-widget-wrap elementor-element-populated\">\n\t\t\t\t\t\t\t\t<div class=\"elementor-element elementor-element-b62c90a elementor-widget elementor-widget-text-editor\" data-id=\"b62c90a\" data-element_type=\"widget\" data-widget_type=\"text-editor.default\">\n\t\t\t\t<div class=\"elementor-widget-container\">\n\t\t\t<style>\/*! elementor - v3.11.5 - 14-03-2023 *\/\n.elementor-widget-text-editor.elementor-drop-cap-view-stacked .elementor-drop-cap{background-color:#818a91;color:#fff}.elementor-widget-text-editor.elementor-drop-cap-view-framed .elementor-drop-cap{color:#818a91;border:3px solid;background-color:transparent}.elementor-widget-text-editor:not(.elementor-drop-cap-view-default) .elementor-drop-cap{margin-top:8px}.elementor-widget-text-editor:not(.elementor-drop-cap-view-default) .elementor-drop-cap-letter{width:1em;height:1em}.elementor-widget-text-editor .elementor-drop-cap{float:left;text-align:center;line-height:1;font-size:50px}.elementor-widget-text-editor .elementor-drop-cap-letter{display:inline-block}<\/style>\t\t\t\t<p>Wir sind eine Gemeinschaft von engagierten B\u00fcrgerinnen und B\u00fcrgern, denen ihre Heimat, die Erhaltung der Landschaft und Lebensqualit\u00e4t am Herzen liegt. <br \/>Seit 01.07.2022 sind wir auch ein <a href=\"https:\/\/www.bio-oberems.de\/wp-content\/uploads\/2024\/03\/Satzung-BIO-Fassung-06.03.24.pdf\" target=\"_blank\" rel=\"noopener\">eingetragener, gemeinn\u00fctziger Verein<\/a>. Unser Ziel ist es, Oberems eine Stimme zu geben und die Interessen der B\u00fcrger zu vertreten.<\/p><p>Wir haben uns als Reaktion auf die Planungen der Gemeinde Glash\u00fctten gegr\u00fcndet, um das Landschaftsbild von Oberems zu erhalten und es nicht mit einem \u00fcberdimensionalen Gewerbegebiet mit fast 100.000 m\u00b2 &#8211; das ist mehr als die gesamten Verkaufsfl\u00e4che des Main-Taunus-Zentrums &#8211; irreversibel zu zerst\u00f6ren.<\/p><p>Das Gewerbegebiet wurde bereits 2019 in den Vorentwurf zum regionalen Fl\u00e4chennutzungsplan (RegFNP2030) aufgenommen. Eine B\u00fcrgerversammlung seitens der Gemeinde Glash\u00fctten fand am 18.05.2022 statt, bei der die B\u00fcrger unter anderem \u00fcber dieses Vorhaben informiert wurden. \u00dcber 200 B\u00fcrgerinnen und B\u00fcrger besuchten diesen Informationsabend aufgrund unseres <a href=\"https:\/\/www.bio-oberems.de\/wp-content\/uploads\/2022\/06\/2022-05-03_Flyer.pdf\">Flyers<\/a> und zeigten eindeutig, dass sie dies strikt ablehnen.<\/p><p>Die geplante Ansiedlung von vielen mittelst\u00e4ndischen Unternehmen (zu je 3.000 &#8211; 4.000 m\u00b2) bzw. einem Wertstoff- \/ Bauhof der Gemeinde Glash\u00fctten oberhalb von Oberems, w\u00fcrde umfangreiche negative Auswirkungen auf den Verkehr, die Natur, die Wasserver- und -entsorgung haben und eine <span dir=\"ltr\" role=\"presentation\">endg\u00fcltige, massive <\/span><span dir=\"ltr\" role=\"presentation\">Fl<\/span><span dir=\"ltr\" role=\"presentation\">\u00e4<\/span><span dir=\"ltr\" role=\"presentation\">chenversiegelung bedeuten. <\/span><\/p><p>Bei einem Treffen mit dem Gewerbeverein Glash\u00fctten am 26.04.2022 hat der amtierende B\u00fcrgermeister Herr Ciesielski auf die Frage, in welchem zeitlichen Rahmen eine Realisierung des Gewerbegebietes in Oberems im Raum steht, geantwortet, dass die Bauarbeiten f\u00fcr das Gewerbegebiet ggfls. bereits in zwei Jahren beginnen und in f\u00fcnf Jahren dort die ersten Geb\u00e4ude stehen k\u00f6nnten.<br \/>Und tats\u00e4chlich k\u00f6nnten die Gemeindevertreter von Glash\u00fctten eine \u00c4nderung des bestehenden Regionalen Fl\u00e4chennutzungsplans 2011 bei dem Regionalverband FrankfurtRheinMain beantragen, und bei Freigabe dieser \u00c4nderung auf der Grundlage des ge\u00e4nderten (Regionalen) Fl\u00e4chennutzungsplans einen entsprechenden Bebauungsplan beschlie\u00dfen. Trotz der gesetzlich vorgesehenen \u00d6ffentlichkeitsbeteiligung der B\u00fcrger bei diesen Prozessen besteht die Gefahr, dass zeitnah Fakten geschaffen werden k\u00f6nnen, auch ohne den neuen Regionalen Fl\u00e4chennutzungsplan 2030 abzuwarten.<\/p><p>Wir m\u00fcssen die Planung <strong>jetzt<\/strong> stoppen \u2013 wenn das Gebiet erst einmal in einen Regionalen Fl\u00e4chennutzungsplan aufgenommen wurde, dann ist es zu sp\u00e4t und dann wird es auch umgesetzt. Und zwar in seinem gesamten Ausma\u00df.<\/p><p><strong><span dir=\"ltr\" role=\"presentation\">Wir von B.I.O. lehnen d<\/span><span dir=\"ltr\" role=\"presentation\">as geplante<\/span> <span dir=\"ltr\" role=\"presentation\">Gewerbegebiet \u201e<\/span><span dir=\"ltr\" role=\"presentation\">B8 Oberems<\/span><\/strong><span dir=\"ltr\" role=\"presentation\"><strong>\u201c strikt ab<\/strong> und <\/span><span dir=\"ltr\" role=\"presentation\">fordern die Lokal<\/span><span dir=\"ltr\" role=\"presentation\">politiker stattdessen auf, sich f\u00fcr die Lebensqualit\u00e4t der B\u00fcrger,<\/span> den Erhalt von Landwirtschaft, Natur und Naherholung sowie eine weiterhin unabh\u00e4ngige Wasserversorgung in Glash\u00fctten\/Oberems einzusetzen.<\/p>\t\t\t\t\t\t<\/div>\n\t\t\t\t<\/div>\n\t\t\t\t<div class=\"elementor-element elementor-element-3e03a0d elementor-widget elementor-widget-heading\" data-id=\"3e03a0d\" data-element_type=\"widget\" data-widget_type=\"heading.default\">\n\t\t\t\t<div class=\"elementor-widget-container\">\n\t\t\t<h3 class=\"elementor-heading-title elementor-size-default\">Wir setzen uns ein<\/h3>\t\t<\/div>\n\t\t\t\t<\/div>\n\t\t\t\t<div class=\"elementor-element elementor-element-7e6cb98 elementor-widget elementor-widget-text-editor\" data-id=\"7e6cb98\" data-element_type=\"widget\" data-widget_type=\"text-editor.default\">\n\t\t\t\t<div class=\"elementor-widget-container\">\n\t\t\t\t\t\t\t<p>f\u00fcr alle drei Ortsteile der Gemeinde Glash\u00fctten, um unter Ber\u00fccksichtigung von \u00d6konomie und \u00d6kologie Werte zu sch\u00fctzen und unsere Lebensgrundlage &#8211; unseren Boden und unsere Natur &#8211; zu sichern.<\/p>\n<p>Indem wir<\/p>\n<ul>\n<li>das Landschaftsbild und die Sch\u00e4tze der Natur bewahren;<\/li>\n<li>die anhaltende gro\u00dffl\u00e4chige Fl\u00e4chenversiegelung in der Gemeinde Glash\u00fctten stoppen;<\/li>\n<li>unsere autarke Trinkwasserversorgung sicherstellen;<\/li>\n<li>dem dramatischen Wassernotstand mit sinnvollen Konzepten zur Wassernutzung und zur Sicherung des Grundwassers begegnen;<\/li>\n<li>Zisternen und Regenwassertanks zur Garten- und Toilettenbew\u00e4sserung f\u00f6rdern;<\/li>\n<li>Wasser sparen;<\/li>\n<li>keine neuen Brunnen bohren, um den bereits um 10m gesunkenen Grundwasserspiegel nicht noch weiter abzusenken. Denn das ist der Grund f\u00fcr das massive Baumsterben, das jeder sehen kann;<\/li>\n<li>die Sch\u00f6nheit unseres Ortes erhalten und dadurch attraktiv sind f\u00fcr Menschen, die hier leben oder sich erholen m\u00f6chten;<\/li>\n<li>ma\u00dfvoll mit dem wirtschaften, was wir haben;<\/li>\n<li>Ortsbeir\u00e4te in der Gemeinde Glash\u00fctten mit umfassenden Vorschlags- und Anh\u00f6rungsrechten einf\u00fchren und in die Entscheidungsprozesse der Gemeinde einbinden;<\/li>\n<li>f\u00fcr s\u00e4mtliche neuen Bau- und Infrastrukturprojekte eine sorgf\u00e4ltige, nachvollziehbare Bedarfs- und Kosten-\/Nutzenanalyse, die auch alle Folgeeffekte, Risiken und Unw\u00e4gbarkeiten aufzeigt, fordern;<\/li>\n<li>ma\u00dfgeschneiderte L\u00f6sungen f\u00fcr die Entwicklung des lokalen Gewerbes, der Vereine und unserer Feuerwehren finden und umsetzen.<\/li>\n<\/ul>\n<p><b>Wir m\u00fcssen jetzt geschlossen handeln, um das Gewerbegebiet zu verhindern!<\/b><\/p>\n<p><a href=\"https:\/\/www.bio-oberems.de\/index.php\/mitglied-werden-bei-b-i-o\/\">Werden auch Sie Mitglied bei B.I.O<\/a>, denn nur so k\u00f6nnen wir den Verein st\u00e4rken und gemeinsam etwas bewirken.<\/p>\t\t\t\t\t\t<\/div>\n\t\t\t\t<\/div>\n\t\t\t\t\t<\/div>\n\t\t<\/div>\n\t\t\t\t\t\t\t<\/div>\n\t\t<\/section>\n\t\t\t\t\t\t\t<\/div>\n\t\t","protected":false},"excerpt":{"rendered":"<p>Wir sind B.I.O. &#8211; die B\u00fcrgerinitiative Oberems e.V. Wir sind eine Gemeinschaft von engagierten B\u00fcrgerinnen und B\u00fcrgern, denen ihre Heimat, die Erhaltung der Landschaft und Lebensqualit\u00e4t am Herzen liegt. Seit 01.07.2022 sind wir auch ein eingetragener, gemeinn\u00fctziger Verein. Unser Ziel ist es, Oberems eine Stimme zu geben und die Interessen der B\u00fcrger zu vertreten. Wir &hellip;<\/p>\n<p class=\"read-more\"> <a class=\"\" href=\"https:\/\/www.bio-oberems.de\/index.php\/wir-sind-bio\/\"> <span class=\"screen-reader-text\">Wir sind BIO<\/span> Weiterlesen &raquo;<\/a><\/p>\n","protected":false},"author":8,"featured_media":0,"parent":0,"menu_order":0,"comment_status":"closed","ping_status":"closed","template":"","meta":{"site-sidebar-layout":"no-sidebar","site-content-layout":"page-builder","ast-global-header-display":"","ast-main-header-display":"","ast-hfb-above-header-display":"","ast-hfb-below-header-display":"","ast-hfb-mobile-header-display":"","site-post-title":"disabled","ast-breadcrumbs-content":"","ast-featured-img":"disabled","footer-sml-layout":"","theme-transparent-header-meta":"","adv-header-id-meta":"","stick-header-meta":"","header-above-stick-meta":"","header-main-stick-meta":"","header-below-stick-meta":"","footnotes":""},"class_list":["post-428","page","type-page","status-publish","hentry"],"_links":{"self":[{"href":"https:\/\/www.bio-oberems.de\/index.php\/wp-json\/wp\/v2\/pages\/428","targetHints":{"allow":["GET"]}}],"collection":[{"href":"https:\/\/www.bio-oberems.de\/index.php\/wp-json\/wp\/v2\/pages"}],"about":[{"href":"https:\/\/www.bio-oberems.de\/index.php\/wp-json\/wp\/v2\/types\/page"}],"author":[{"embeddable":true,"href":"https:\/\/www.bio-oberems.de\/index.php\/wp-json\/wp\/v2\/users\/8"}],"replies":[{"embeddable":true,"href":"https:\/\/www.bio-oberems.de\/index.php\/wp-json\/wp\/v2\/comments?post=428"}],"version-history":[{"count":199,"href":"https:\/\/www.bio-oberems.de\/index.php\/wp-json\/wp\/v2\/pages\/428\/revisions"}],"predecessor-version":[{"id":3963,"href":"https:\/\/www.bio-oberems.de\/index.php\/wp-json\/wp\/v2\/pages\/428\/revisions\/3963"}],"wp:attachment":[{"href":"https:\/\/www.bio-oberems.de\/index.php\/wp-json\/wp\/v2\/media?parent=428"}],"curies":[{"name":"wp","href":"https:\/\/api.w.org\/{rel}","templated":true}]}}