{"id":2182,"date":"2022-06-30T00:39:25","date_gmt":"2022-06-29T22:39:25","guid":{"rendered":"https:\/\/www.bio-oberems.de\/?page_id=2182"},"modified":"2022-08-02T20:47:57","modified_gmt":"2022-08-02T18:47:57","slug":"faz-28-06-22","status":"publish","type":"page","link":"https:\/\/www.bio-oberems.de\/index.php\/faz-28-06-22\/","title":{"rendered":"FAZ 28.06.22"},"content":{"rendered":"\t\t<div data-elementor-type=\"wp-page\" data-elementor-id=\"2182\" class=\"elementor elementor-2182\">\n\t\t\t\t\t\t\t\t\t<section class=\"elementor-section elementor-top-section elementor-element elementor-element-e7fe1bd elementor-section-boxed elementor-section-height-default elementor-section-height-default\" data-id=\"e7fe1bd\" data-element_type=\"section\">\n\t\t\t\t\t\t<div class=\"elementor-container elementor-column-gap-default\">\n\t\t\t\t\t<div class=\"elementor-column elementor-col-100 elementor-top-column elementor-element elementor-element-a99829d\" data-id=\"a99829d\" data-element_type=\"column\">\n\t\t\t<div class=\"elementor-widget-wrap elementor-element-populated\">\n\t\t\t\t\t\t\t\t<div class=\"elementor-element elementor-element-82e86e3 elementor-widget elementor-widget-text-editor\" data-id=\"82e86e3\" data-element_type=\"widget\" data-widget_type=\"text-editor.default\">\n\t\t\t\t<div class=\"elementor-widget-container\">\n\t\t\t<style>\/*! elementor - v3.11.5 - 14-03-2023 *\/\n.elementor-widget-text-editor.elementor-drop-cap-view-stacked .elementor-drop-cap{background-color:#818a91;color:#fff}.elementor-widget-text-editor.elementor-drop-cap-view-framed .elementor-drop-cap{color:#818a91;border:3px solid;background-color:transparent}.elementor-widget-text-editor:not(.elementor-drop-cap-view-default) .elementor-drop-cap{margin-top:8px}.elementor-widget-text-editor:not(.elementor-drop-cap-view-default) .elementor-drop-cap-letter{width:1em;height:1em}.elementor-widget-text-editor .elementor-drop-cap{float:left;text-align:center;line-height:1;font-size:50px}.elementor-widget-text-editor .elementor-drop-cap-letter{display:inline-block}<\/style>\t\t\t\t<p><a href=\"https:\/\/www.faz.net\/aktuell\/rhein-main\/gespaltene-gemeinde-im-taunus-getreide-oder-gewerbe-18133174.html\" target=\"_blank\" rel=\"noopener\">F.A.Z.<\/a>, 28.06.2022, Rhein-Main (Rhein-Main-Zeitung), Seite 37<\/p>\t\t\t\t\t\t<\/div>\n\t\t\t\t<\/div>\n\t\t\t\t\t<\/div>\n\t\t<\/div>\n\t\t\t\t\t\t\t<\/div>\n\t\t<\/section>\n\t\t\t\t<section class=\"elementor-section elementor-top-section elementor-element elementor-element-c969642 elementor-section-boxed elementor-section-height-default elementor-section-height-default\" data-id=\"c969642\" data-element_type=\"section\">\n\t\t\t\t\t\t<div class=\"elementor-container elementor-column-gap-default\">\n\t\t\t\t\t<div class=\"elementor-column elementor-col-100 elementor-top-column elementor-element elementor-element-12287f1\" data-id=\"12287f1\" data-element_type=\"column\">\n\t\t\t<div class=\"elementor-widget-wrap elementor-element-populated\">\n\t\t\t\t\t\t\t\t<div class=\"elementor-element elementor-element-1b4c11c elementor-widget elementor-widget-heading\" data-id=\"1b4c11c\" data-element_type=\"widget\" data-widget_type=\"heading.default\">\n\t\t\t\t<div class=\"elementor-widget-container\">\n\t\t\t<style>\/*! elementor - v3.11.5 - 14-03-2023 *\/\n.elementor-heading-title{padding:0;margin:0;line-height:1}.elementor-widget-heading .elementor-heading-title[class*=elementor-size-]>a{color:inherit;font-size:inherit;line-height:inherit}.elementor-widget-heading .elementor-heading-title.elementor-size-small{font-size:15px}.elementor-widget-heading .elementor-heading-title.elementor-size-medium{font-size:19px}.elementor-widget-heading .elementor-heading-title.elementor-size-large{font-size:29px}.elementor-widget-heading .elementor-heading-title.elementor-size-xl{font-size:39px}.elementor-widget-heading .elementor-heading-title.elementor-size-xxl{font-size:59px}<\/style><h1 class=\"elementor-heading-title elementor-size-default\">Gewerbe oder Getreide<\/h1>\t\t<\/div>\n\t\t\t\t<\/div>\n\t\t\t\t<div class=\"elementor-element elementor-element-d46cfb0 elementor-widget elementor-widget-text-editor\" data-id=\"d46cfb0\" data-element_type=\"widget\" data-widget_type=\"text-editor.default\">\n\t\t\t\t<div class=\"elementor-widget-container\">\n\t\t\t\t\t\t\t<p>GLASH\u00dcTTEN Der Blick \u00fcber die \u00c4cker vor dem Dorf Oberems ist sch\u00f6n. Vielleicht m\u00fcssen sie aber Betrieben weichen. Einige B\u00fcrger wehren sich. Der B\u00fcrgermeister h\u00e4lt dagegen.<\/p>\n<p>Von Florentine Fritzen<\/p>\n<p>Bevor es zu den Feldern geht, die vielleicht einem Gewerbegebiet weichen m\u00fcssen, reden die drei Oberemser \u00fcber Wasser. Ihr Dorf geh\u00f6rt zur Gemeinde Glash\u00fctten. Dort, im Hauptort, laufen sie vom Parkplatz eines Discounters zu einem Waldst\u00fcck, das wie so viele im Taunus eigentlich keins mehr ist. Die B\u00e4ume seien abgestorben, weil sich der Borkenk\u00e4fer wegen der Wasserknappheit durchgesetzt habe. Wenn noch mehr Fl\u00e4che versiegelt w\u00fcrde, dann ginge die besondere autarke Wasserversorgung Glash\u00fcttens fl\u00f6ten.<\/p>\n<p>Chantal Klemm, Dirk Trippe und Rica Plass geh\u00f6ren zur B\u00fcrgerinitiative Oberems, kurz B.I.O. Gegr\u00fcndet hat sie sich vor ein paar Wochen, als der B\u00fcrgermeister \u00fcber Pl\u00e4ne informierte, eine Fl\u00e4che von gut neun Hektar als m\u00f6gliches Gewerbegebiet in den neuen regionalen<br>Fl\u00e4chennutzungsplan f\u00fcr 2030 zu schreiben. F\u00fcr die Oberemser ein Denken &#8222;wie in den Achtzigern&#8220;, &#8222;immer schneller, weiter, h\u00f6her&#8220;. Sie seien nicht gegen Gewerbe. Auch deshalb haben sie den Treffpunkt am Discounter vorgeschlagen. Sie finden: Dort, wo schon Anschl\u00fcsse liegen und jetzt<br>leider auch keine B\u00e4ume mehr stehen, w\u00e4re Platz, um bedarfsgerecht zu wachsen. Das lokale Handwerk brauche keine zehn Hektar &#8211; die B.I.O. nennt stets diese Zahl.<\/p>\n<p>Im Auto geht es \u00fcber die B 8 von Glash\u00fctten durch den Wald Richtung Dorf. Kurz davor \u00f6ffnet sich der Blick zu Getreide\u00e4ckern, ums\u00e4umt von B\u00e4umen. Dirk Trippe f\u00e4hrt bis zum Abzweig nach Oberems. Es gehe um genau diese Fl\u00e4che, von der Bundesstra\u00dfe aus 100 Meter ins Feld hinein. &#8222;Es macht Angst, erschreckt und macht traurig&#8220;, sagt Chantal Klemm. &#8222;Wir sind doch hierhergezogen, weil es hier sch\u00f6n ist.&#8220; Bei ihr ist das 16 Jahre her, bei Trippe 25. Die meisten Mitstreiter seien zwischen 40 und Mitte 50 Jahre. Trippe wendet, f\u00e4hrt zu einem Parkplatz. Da wartet Astrid Glockner, ebenfalls von B.I.O.<\/p>\n<p>Der Blick \u00fcber die blassgelben \u00c4hren ist sch\u00f6n. Schmetterlinge flattern, hinten scheint die Morgensonne auf den Acker. Auf H\u00fcgeln in der Ferne drehen sich Windr\u00e4der, am nahen Hang liegt Oberems. Wer dort lebt, sch\u00e4tzt in den Worten der Engagierten den d\u00f6rflichen Spirit, nennt den Ort nicht unbedingt Heimat, aber Zuhause. Auch Ausfl\u00fcgler, Rennradfahrer und Mountainbiker kommen gerne her. Eine der Frauen sagt: &#8222;Ich liebe das hier!&#8220; Sie arbeiten als Marketingmanagerin bei einem DAX Unternehmen in Frankfurt, Leitender Angestellter bei einem Technologiekonzern in Frankfurt, Anw\u00e4ltin in Glash\u00fctten, \u00dcbersetzerin in Oberems. Bisher haben sie sich nicht politisch engagiert. Nun soll aus der Initiative ein gemeinn\u00fctziger Verein werden.<\/p>\n<p>Entstanden ist die Gruppe mit inzwischen gut 50 Mitgliedern im Mai, als der B\u00fcrgermeister \u00fcber die Pl\u00e4ne informieren wollte. Der Termin zur B\u00fcrgerversammlung stand im Amtsblatt, die Tagesordnung auf der st\u00e4dtischen Homepage und in Schauk\u00e4sten. Die Initiative fand: &#8222;So ein Riesenthema, und das kriegt keiner mit.&#8220; Sie druckte ein Flugblatt. Oben ein Foto vom Feld, unten das eines Gewerbegebiets. Dazu der Termin der Versammlung, allerlei Bedenken und die Aufforderung, sich einzubringen. Kein Absender. Ihrer Meinung nach war der Flyer aber nicht anonym. &#8222;Wir haben an T\u00fcren geklingelt und ihn \u00fcberreicht.&#8220; Zur Versammlung kamen etwa 300 Leute.<\/p>\n<p>Am Feld geht es jetzt um Getreide, zur Zeit ein knappes Gut. F\u00fcr nur ein Brot, sagt Astrid Glockner, sei ein Quadratmeter Ernte n\u00f6tig. Auch die Bauern seien alteingesessene Betriebe &#8211; und Gewerbe. Statt die Fl\u00e4che in den Nutzungsplan zu schreiben, fordern sie eine &#8222;praktikable, robuste L\u00f6sung&#8220;. Und erst den Bedarf abzufragen. &#8222;Sonst \u00f6ffnen wir hier die B\u00fcchse der Pandora&#8220;, sagt Rica Plass.<\/p>\n<p>Im Rathaus verweist der B\u00fcrgermeister auf die Zukunft und die parlamentarische Demokratie. &#8222;Ich will da keine neun Hektar Gewerbegebiet hinzimmern&#8220;, sagt der CDU-Politiker Thomas Ciesielski. &#8222;Aber wir wissen ja nicht, was in 20 Jahren ist.&#8220; Er wolle nachfolgenden Politikern und B\u00fcrgern die Option sichern, ein Gewerbegebiet zu bauen. Manche Glash\u00fcttener sagten ihm: &#8222;Mensch, eine Waschanlage oder ein Baumarkt an der B 8 w\u00e4re doch super.&#8220; So weit sei der Vorgang l\u00e4ngst nicht. Wenn die \u00c4cker am Ende im neuen Fl\u00e4chennutzungsplan st\u00fcnden, m\u00fcsste die Gemeindevertretung eine Bauleitplanung machen, und die B\u00fcrger w\u00fcrden beteiligt. Grunds\u00e4tzlich sei so eine Planung jederzeit m\u00f6glich, aber einfacher, wenn daf\u00fcr nicht der g\u00fcltige Fl\u00e4chennutzungsplan ge\u00e4ndert werden m\u00fcsse.<\/p>\n<p>Ciesielski hat den Vorgang von seiner parteilosen Vorg\u00e4ngerin Brigitte Bannenberg geerbt und, wie er sagt, erst nach seiner Wahl im Fr\u00fchling 2021 davon erfahren. Bannenberg habe 2019 in einem Verwaltungsgespr\u00e4ch mit dem Regionalverband Rhein-Main mehrere Fl\u00e4chen f\u00fcr den Planentwurf gemeldet. \u00dcber die gut neun Hektar sagt der Nachfolger: &#8222;Ich pers\u00f6nlich h\u00e4tte es kleiner gemacht, nicht in der Gr\u00f6\u00dfe an die Stra\u00dfe herangeklatscht.&#8220; Auch er sei nach Glash\u00fctten gezogen, weil es dort gr\u00fcn sei. Die Gemeinde m\u00fcsse sich aber entwickeln, dem ortsans\u00e4ssigen Gewerbe M\u00f6glichkeiten er\u00f6ffnen &#8211; und daf\u00fcr sorgen, dass sich andere Gewerbetreibende ansiedeln.<\/p>\n<p>Die Gemeindevertreter, gew\u00e4hlt, um die Interessen der B\u00fcrger zu vertreten, haben ihm signalisiert, dass sie einige der 2019 gemeldeten Fl\u00e4chen als &#8222;toxisch&#8220; ablehnen w\u00fcrden, die f\u00fcr das Gewerbegebiet aber nicht. Also habe er den Regionalverband gebeten, die anderen Fl\u00e4chen aus dem<br>Plan zu nehmen. Tats\u00e4chlich beteiligt werde die Gemeindevertretung erst 2024, wenn der erste Planentwurf stehe. Ciesielski findet: Im Fall des Falles m\u00fcssten \u00c4cker weichen, deren Ertrag teilweise in Biogasanlagen lande. Aber eine Abfrage zum Bedarf sei sinnvoll. \u00dcber das Flugblatt ohne Absender hat er sich ge\u00e4rgert, zumal es ein Industriegebiet aus Castrop-Rauxel zeige. So etwas, sagt er, werde niemals in Oberems entstehen. Am Montag trifft er Vertreter von B.I.O. Und will erkl\u00e4ren, warum er an den Pl\u00e4nen festh\u00e4lt.<\/p>\n<p>\u00a9 Alle Rechte vorbehalten. Frankfurter Allgemeine Zeitung GmbH, Frankfurt. Zur Verf\u00fcgung gestellt vom Frankfurter Allgemeine Archiv.<\/p>\t\t\t\t\t\t<\/div>\n\t\t\t\t<\/div>\n\t\t\t\t<div class=\"elementor-element elementor-element-1c9e0a7 elementor-widget elementor-widget-text-editor\" data-id=\"1c9e0a7\" data-element_type=\"widget\" data-widget_type=\"text-editor.default\">\n\t\t\t\t<div class=\"elementor-widget-container\">\n\t\t\t\t\t\t\t<p style=\"text-align: right;\">&gt; Hier finden Sie unsere <a href=\"https:\/\/www.bio-oberems.de\/index.php\/stellungnahme\/\">Stellungnahme<\/a>.<\/p>\t\t\t\t\t\t<\/div>\n\t\t\t\t<\/div>\n\t\t\t\t\t<\/div>\n\t\t<\/div>\n\t\t\t\t\t\t\t<\/div>\n\t\t<\/section>\n\t\t\t\t\t\t\t<\/div>\n\t\t","protected":false},"excerpt":{"rendered":"<p>F.A.Z., 28.06.2022, Rhein-Main (Rhein-Main-Zeitung), Seite 37 Gewerbe oder Getreide GLASH\u00dcTTEN Der Blick \u00fcber die \u00c4cker vor dem Dorf Oberems ist sch\u00f6n. Vielleicht m\u00fcssen sie aber Betrieben weichen. Einige B\u00fcrger wehren sich. Der B\u00fcrgermeister h\u00e4lt dagegen. Von Florentine Fritzen Bevor es zu den Feldern geht, die vielleicht einem Gewerbegebiet weichen m\u00fcssen, reden die drei Oberemser \u00fcber &hellip;<\/p>\n<p class=\"read-more\"> <a class=\"\" href=\"https:\/\/www.bio-oberems.de\/index.php\/faz-28-06-22\/\"> <span class=\"screen-reader-text\">FAZ 28.06.22<\/span> Weiterlesen &raquo;<\/a><\/p>\n","protected":false},"author":8,"featured_media":0,"parent":0,"menu_order":0,"comment_status":"closed","ping_status":"closed","template":"","meta":{"site-sidebar-layout":"no-sidebar","site-content-layout":"page-builder","ast-global-header-display":"","ast-main-header-display":"","ast-hfb-above-header-display":"","ast-hfb-below-header-display":"","ast-hfb-mobile-header-display":"","site-post-title":"disabled","ast-breadcrumbs-content":"","ast-featured-img":"disabled","footer-sml-layout":"","theme-transparent-header-meta":"","adv-header-id-meta":"","stick-header-meta":"","header-above-stick-meta":"","header-main-stick-meta":"","header-below-stick-meta":"","footnotes":""},"class_list":["post-2182","page","type-page","status-publish","hentry"],"_links":{"self":[{"href":"https:\/\/www.bio-oberems.de\/index.php\/wp-json\/wp\/v2\/pages\/2182","targetHints":{"allow":["GET"]}}],"collection":[{"href":"https:\/\/www.bio-oberems.de\/index.php\/wp-json\/wp\/v2\/pages"}],"about":[{"href":"https:\/\/www.bio-oberems.de\/index.php\/wp-json\/wp\/v2\/types\/page"}],"author":[{"embeddable":true,"href":"https:\/\/www.bio-oberems.de\/index.php\/wp-json\/wp\/v2\/users\/8"}],"replies":[{"embeddable":true,"href":"https:\/\/www.bio-oberems.de\/index.php\/wp-json\/wp\/v2\/comments?post=2182"}],"version-history":[{"count":16,"href":"https:\/\/www.bio-oberems.de\/index.php\/wp-json\/wp\/v2\/pages\/2182\/revisions"}],"predecessor-version":[{"id":2752,"href":"https:\/\/www.bio-oberems.de\/index.php\/wp-json\/wp\/v2\/pages\/2182\/revisions\/2752"}],"wp:attachment":[{"href":"https:\/\/www.bio-oberems.de\/index.php\/wp-json\/wp\/v2\/media?parent=2182"}],"curies":[{"name":"wp","href":"https:\/\/api.w.org\/{rel}","templated":true}]}}